{"id":129,"date":"2024-01-11T21:27:16","date_gmt":"2024-01-11T20:27:16","guid":{"rendered":"https:\/\/clubphotosaintcezaire.org\/?page_id=129"},"modified":"2026-02-26T22:49:39","modified_gmt":"2026-02-26T21:49:39","slug":"mentions-legales","status":"publish","type":"page","link":"https:\/\/clubphotosaintcezaire.org\/index.php\/mentions-legales\/","title":{"rendered":"Mentions l\u00e9gales"},"content":{"rendered":"\t\t<div data-elementor-type=\"wp-page\" data-elementor-id=\"129\" class=\"elementor elementor-129\">\n\t\t\t\t<div class=\"elementor-element elementor-element-7158c91 e-flex e-con-boxed e-con e-parent\" data-id=\"7158c91\" data-element_type=\"container\">\n\t\t\t\t\t<div class=\"e-con-inner\">\n\t\t\t\t<div class=\"elementor-element elementor-element-71ea16a elementor-widget elementor-widget-spacer\" data-id=\"71ea16a\" data-element_type=\"widget\" data-widget_type=\"spacer.default\">\n\t\t\t\t<div class=\"elementor-widget-container\">\n\t\t\t\t\t\t\t<div class=\"elementor-spacer\">\n\t\t\t<div class=\"elementor-spacer-inner\"><\/div>\n\t\t<\/div>\n\t\t\t\t\t\t<\/div>\n\t\t\t\t<\/div>\n\t\t\t\t\t<\/div>\n\t\t\t\t<\/div>\n\t\t<div class=\"elementor-element elementor-element-3c06edd e-flex e-con-boxed e-con e-parent\" data-id=\"3c06edd\" data-element_type=\"container\">\n\t\t\t\t\t<div class=\"e-con-inner\">\n\t\t\t\t<div class=\"elementor-element elementor-element-0fd0bf7 elementor-widget elementor-widget-heading\" data-id=\"0fd0bf7\" data-element_type=\"widget\" data-widget_type=\"heading.default\">\n\t\t\t\t<div class=\"elementor-widget-container\">\n\t\t\t\t\t<h1 class=\"elementor-heading-title elementor-size-default\">MENTIONS L\u00c9GALES<\/h1>\t\t\t\t<\/div>\n\t\t\t\t<\/div>\n\t\t\t\t\t<\/div>\n\t\t\t\t<\/div>\n\t\t<div class=\"elementor-element elementor-element-a12b256 e-flex e-con-boxed e-con e-parent\" data-id=\"a12b256\" data-element_type=\"container\">\n\t\t\t\t\t<div class=\"e-con-inner\">\n\t\t\t\t<div class=\"elementor-element elementor-element-f0c4a16 elementor-widget elementor-widget-spacer\" data-id=\"f0c4a16\" data-element_type=\"widget\" data-widget_type=\"spacer.default\">\n\t\t\t\t<div class=\"elementor-widget-container\">\n\t\t\t\t\t\t\t<div class=\"elementor-spacer\">\n\t\t\t<div class=\"elementor-spacer-inner\"><\/div>\n\t\t<\/div>\n\t\t\t\t\t\t<\/div>\n\t\t\t\t<\/div>\n\t\t\t\t\t<\/div>\n\t\t\t\t<\/div>\n\t\t<div class=\"elementor-element elementor-element-ff02c42 e-flex e-con-boxed e-con e-parent\" data-id=\"ff02c42\" data-element_type=\"container\">\n\t\t\t\t\t<div class=\"e-con-inner\">\n\t\t\t\t<div class=\"elementor-element elementor-element-c55aa48 elementor-widget elementor-widget-text-editor\" data-id=\"c55aa48\" data-element_type=\"widget\" data-widget_type=\"text-editor.default\">\n\t\t\t\t<div class=\"elementor-widget-container\">\n\t\t\t\t\t\t\t\t\t<p><em><span style=\"text-decoration: underline;\"><strong>1 &#8211; \u00c9dition du site<\/strong><\/span><\/em><br>En vertu de l&rsquo;article 6 de la loi n\u00b0 2004-575 du 21 juin 2004 pour la confiance dans l&rsquo;\u00e9conomie num\u00e9rique, il est pr\u00e9cis\u00e9 aux utilisateurs du site internet https:\/\/clubphotosaintcezaire.org l&rsquo;identit\u00e9 des diff\u00e9rents intervenants dans le cadre de sa r\u00e9alisation et de son suivi:<br>Propri\u00e9taire du site : Club photo de Saint-C\u00e9zaire-sur-Siagne &#8211; Contact : clubphotosc@gmail.com &#8211;<br>Tel : 06 23 17 50 98 &#8211; Adresse : Mairie de St C\u00e9zaire, 5 rue de la R\u00e9publique, 06530 Saint-C\u00e9zaire-sur-Siagne .<br>Identification de l&rsquo;Association : Club photo de Saint-C\u00e9zaire-sur-Siagne<br>Adresse postale : Mairie de St C\u00e9zaire, 5 rue de la R\u00e9publique, 06530 Saint-C\u00e9zaire-sur-Siagne .<br>Adresse des r\u00e9unions : Espace Terre de Siagne, 96 chemin Alain Martin, 06530 Saint-C\u00e9zaire-sur-Siagne<\/p>\n<p>Pr\u00e9sident de l&rsquo;association : Dominique Millon&nbsp;<br>Directeur de la publication : Dominique Millon &#8211; Contact : millon.dominique89@gmail.com<br>H\u00e9bergeur : Hostinger, UAB 34, rue \u0160vitrigailos, 03230<br>D\u00e9l\u00e9gu\u00e9 \u00e0 la protection des donn\u00e9es : Dominique Vidal &#8211; dvidal@clubphotosaintcezaire.org<br>Autres contributeurs : Webmaster : Dominique Vidal<\/p>\n<p><em><span style=\"text-decoration: underline;\"><strong>2 &#8211; Propri\u00e9t\u00e9 intellectuelle et contrefa\u00e7ons.<\/strong><\/span><\/em><br>Club photo de Saint-C\u00e9zaire-sur-Siagne est propri\u00e9taire des droits de propri\u00e9t\u00e9 intellectuelle et d\u00e9tient les droits d\u2019usage sur tous les \u00e9l\u00e9ments accessibles sur le site internet, notamment les textes, images, graphismes, logos, vid\u00e9os, architecture, ic\u00f4nes et sons.<br>Toute reproduction, repr\u00e9sentation, modification, publication, adaptation de tout ou partie des \u00e9l\u00e9ments du site, quel que soit le moyen ou le proc\u00e9d\u00e9 utilis\u00e9, est interdite, sauf autorisation \u00e9crite pr\u00e9alable de Club photo de Saint-C\u00e9zaire-sur-Siagne.<br>Toute exploitation non autoris\u00e9e du site ou de l\u2019un quelconque des \u00e9l\u00e9ments qu\u2019il contient sera consid\u00e9r\u00e9e comme constitutive d\u2019une contrefa\u00e7on et poursuivie conform\u00e9ment aux dispositions des articles L.335-2 et suivants du Code de Propri\u00e9t\u00e9 Intellectuelle.<\/p>\n<p><span style=\"text-decoration: underline;\"><em><strong>3 &#8211; Limitations de responsabilit\u00e9.<\/strong><\/em><\/span><br>Club photo de Saint-C\u00e9zaire-sur-Siagne ne pourra \u00eatre tenu pour responsable des dommages directs et indirects caus\u00e9s au mat\u00e9riel de l\u2019utilisateur, lors de l\u2019acc\u00e8s au site https:\/\/clubphotosaintcezaire.org.<br>Club photo de Saint-C\u00e9zaire sur-Siagne d\u00e9cline toute responsabilit\u00e9 quant \u00e0 l\u2019utilisation qui pourrait \u00eatre faite des informations et contenus pr\u00e9sents sur https:\/\/clubphotosaintcezaire.org.<br>Club photo de Saint-C\u00e9zaire -sur-Siagne s\u2019engage \u00e0 s\u00e9curiser au mieux le site https:\/\/clubphotosaintcezaire.org, cependant sa responsabilit\u00e9 ne pourra \u00eatre mise en cause si des donn\u00e9es ind\u00e9sirables sont import\u00e9es et install\u00e9es sur son site \u00e0 son insu.<br>Des espaces interactifs (espace contact ou commentaires) sont \u00e0 la disposition des utilisateurs. Club photo de Saint-C\u00e9zaire-sur-Siagne se r\u00e9serve le droit de supprimer, sans mise en demeure pr\u00e9alable, tout contenu d\u00e9pos\u00e9 dans cet espace qui contreviendrait \u00e0 la l\u00e9gislation applicable en France, en particulier aux dispositions relatives \u00e0 la protection des donn\u00e9es.<br>Le cas \u00e9ch\u00e9ant, Club photo de Saint-C\u00e9zaire-sur-Siagne se r\u00e9serve \u00e9galement la possibilit\u00e9 de mettre en cause la responsabilit\u00e9 civile et\/ou p\u00e9nale de l\u2019utilisateur, notamment en cas de message \u00e0 caract\u00e8re raciste, injurieux, diffamant, ou pornographique, quel que soit le support utilis\u00e9 (texte, photographie \u2026).<\/p>\n<p><span style=\"text-decoration: underline;\"><em><strong>4 &#8211; CNIL et gestion des donn\u00e9es personnelles.<\/strong><\/em><\/span><br>Conform\u00e9ment aux dispositions de la loi 78-17 du 6 janvier 1978 modifi\u00e9e, l\u2019utilisateur du site https:\/\/clubphotosaintcezaire.org dispose d\u2019un droit d\u2019acc\u00e8s, de modification et de suppression des informations collect\u00e9es. Pour exercer ce droit, envoyez un message \u00e0 notre D\u00e9l\u00e9gu\u00e9 \u00e0 la Protection des Donn\u00e9es : Dominique Vidal &#8211; dvidal@clubphotosaintcezaire.org.<br>Pour plus d&rsquo;informations sur la fa\u00e7on dont nous traitons vos donn\u00e9es (type de donn\u00e9es, finalit\u00e9, destinataire&#8230;),<br>lisez notre https:\/\/clubphotosaintcezaire.org\/politique-de-confidentialite\/.<\/p>\n<p><span style=\"text-decoration: underline;\"><em><strong>5 &#8211; Liens hypertextes et cookies<\/strong><\/em><\/span><br>Le site https:\/\/clubphotosaintcezaire.org contient des liens hypertextes vers d\u2019autres sites et d\u00e9gage toute responsabilit\u00e9 \u00e0 propos de ces liens externes ou des liens cr\u00e9\u00e9s par d\u2019autres sites vers https:\/\/clubphotosaintcezaire.org.<br>La navigation sur le site https:\/\/clubphotosaintcezaire.org est susceptible de provoquer l\u2019installation de cookie(s) sur l\u2019ordinateur de l\u2019utilisateur.<br>Un \u00ab\u00a0cookie\u00a0\u00bb est un fichier de petite taille qui enregistre des informations relatives \u00e0 la navigation d\u2019un utilisateur sur un site. Les donn\u00e9es ainsi obtenues permettent d&rsquo;obtenir des mesures de fr\u00e9quentation, par exemple.<br>Vous avez la possibilit\u00e9 d\u2019accepter ou de refuser les cookies en modifiant les param\u00e8tres de votre navigateur. Aucun cookie ne sera d\u00e9pos\u00e9 sans votre consentement.<br>Les cookies sont enregistr\u00e9s pour une dur\u00e9e maximale de 1 mois.<br>Pour plus d&rsquo;informations sur la fa\u00e7on dont nous faisons usage des cookies, lisez notre https:\/\/clubphotosaintcezaire.org\/politique-de-confidentialite\/.<\/p>\n<p><span style=\"text-decoration: underline;\"><em><strong>6 &#8211; Droit applicable et attribution de juridiction.<\/strong><\/em><\/span><br>Tout litige en relation avec l\u2019utilisation du site https:\/\/clubphotosaintcezaire.org est soumis au droit fran\u00e7ais. En dehors des cas o\u00f9 la loi ne le permet pas, il est fait attribution exclusive de juridiction aux tribunaux comp\u00e9tents de Grasse.<\/p>\t\t\t\t\t\t\t\t<\/div>\n\t\t\t\t<\/div>\n\t\t\t\t\t<\/div>\n\t\t\t\t<\/div>\n\t\t\t\t<\/div>\n\t\t","protected":false},"excerpt":{"rendered":"<p>MENTIONS L\u00c9GALES 1 &#8211; \u00c9dition du siteEn vertu de l&rsquo;article 6 de la loi n\u00b0 2004-575 du 21 juin 2004 pour la confiance dans l&rsquo;\u00e9conomie num\u00e9rique, il est pr\u00e9cis\u00e9 aux&#8230;<\/p>\n","protected":false},"author":1,"featured_media":0,"parent":0,"menu_order":0,"comment_status":"closed","ping_status":"closed","template":"elementor_header_footer","meta":{"om_disable_all_campaigns":false,"_monsterinsights_skip_tracking":false,"_monsterinsights_sitenote_active":false,"_monsterinsights_sitenote_note":"","_monsterinsights_sitenote_category":0,"_kadence_starter_templates_imported_post":false,"_kad_post_transparent":"","_kad_post_title":"","_kad_post_layout":"","_kad_post_sidebar_id":"","_kad_post_content_style":"","_kad_post_vertical_padding":"","_kad_post_feature":"","_kad_post_feature_position":"","_kad_post_header":false,"_kad_post_footer":false,"_kad_post_classname":"","footnotes":""},"folder":[],"aioseo_notices":[],"_links":{"self":[{"href":"https:\/\/clubphotosaintcezaire.org\/index.php\/wp-json\/wp\/v2\/pages\/129"}],"collection":[{"href":"https:\/\/clubphotosaintcezaire.org\/index.php\/wp-json\/wp\/v2\/pages"}],"about":[{"href":"https:\/\/clubphotosaintcezaire.org\/index.php\/wp-json\/wp\/v2\/types\/page"}],"author":[{"embeddable":true,"href":"https:\/\/clubphotosaintcezaire.org\/index.php\/wp-json\/wp\/v2\/users\/1"}],"replies":[{"embeddable":true,"href":"https:\/\/clubphotosaintcezaire.org\/index.php\/wp-json\/wp\/v2\/comments?post=129"}],"version-history":[{"count":10,"href":"https:\/\/clubphotosaintcezaire.org\/index.php\/wp-json\/wp\/v2\/pages\/129\/revisions"}],"predecessor-version":[{"id":2938,"href":"https:\/\/clubphotosaintcezaire.org\/index.php\/wp-json\/wp\/v2\/pages\/129\/revisions\/2938"}],"wp:attachment":[{"href":"https:\/\/clubphotosaintcezaire.org\/index.php\/wp-json\/wp\/v2\/media?parent=129"}],"wp:term":[{"taxonomy":"folder","embeddable":true,"href":"https:\/\/clubphotosaintcezaire.org\/index.php\/wp-json\/wp\/v2\/folder?post=129"}],"curies":[{"name":"wp","href":"https:\/\/api.w.org\/{rel}","templated":true}]}}